d derivative of -w**4/12 + 5*w**3/6 + 2*w**2 - 5*w. Let c(x) = -8*x**2 + 1. Let g be c(2). Let y = g + 36. Determine u(y).
4
Let x(a) be the third derivative of a**7/5040 + a**6/120 + a**5/30 + a**4/6 + 30*a**2. Let j(y) be the third derivative of x(y). Give j(-8).
-2
Let d(q) be the third derivative of -31*q**2 + 5/3*q**3 + 0*q - 1/3*q**4 + 0 + 1/60*q**5. Calculate d(4).
-6
Let r(v) = 6*v - 922. Let o(j) = j + 210. Let c(k) = -4*o(k) - r(k). Calculate c(8).
2
Let u(z) = z**3 + 10*z**2 - 11*z - 6. Let r = -44 + 37. Let g be 0/1 + (-10 - r - -6). Suppose o - 2*o + 3*h = 11, 0 = g*o + 5*h + 33. Determine u(o).
-6
Let k(x) = x**2 + 6*x - 4. Let z be k(-7). Let j = 133 + -124. Suppose -3*r = z*v + j, 3*r - 2*v + 36 = -r. Let c(h) = h**2 + 4*h - 2. Determine c(r).
19
Let a(d) = -920*d + 12879. Let o be a(14). Let h(f) = 9*f**2 + 1 - 2*f + 0 + 4*f. Give h(o).
8
Let z(k) = -k**2 - 9*k - 11. Let l be z(-8). Let p(b) = 50*b + 47*b - 95*b + 4. Let i be p(l). Let c(y) = y**2 + 2*y + 2. Give c(i).
2
Let i(y) be the first derivative of y**2 + 9*y - 22. Let z be i(-2). Let l be z/((-25)/18)*(-30)/18. Let k(r) = -r**2 + 4*r + 4. What is k(l)?
-8
Let a(k) be the first derivative of -k**3 + 15*k**2/2 - 9*k - 1446. What is a(3)?
9
Let n(t) = -11*t + 19*t - 4 - 7*t. Let i be n(-1). Let g(u) = 107 - 16*u**2 + u**3 + 22*u**2 + 6*u - 103. Calculate g(i).
-1
Let s(m) = -3*m**3 - 11*m**2 - 118*m + 2. Let g(y) = -2*y**3 - 10*y**2 - 93*y + 1. Let z(c) = -4*g(c) + 3*s(c). Calculate z(9).
2
Suppose -286 = -16*a + 882. Let p = a - 76. Let h(o) = -o + 1. Determine h(p).
4
Suppose -8*c + 77*c = -65274. Let a = -943 - c. Let q(p) = -2*p - 2*p + 5*p. Determine q(a).
3
Let n(i) = -5*i - 27. Let a(z) = z**2 - 4*z + 1. Let j(f) = -2*a(f) - n(f). Calculate j(8).
1
Suppose 4 = l - 0*l - r, -5*l + 3*r = -12. Let b(i) be the first derivative of 13/4*i**4 - i + 1/2*i**2 + l*i**3 - 3. Determine b(1).
13
Let i(y) = y**3 - 6*y**2 + 1. Let v(u) = 8 + 0*u + 16 + u. Let k be v(-18). What is i(k)?
1
Suppose 9*m - 678 - 177 = 0. Suppose -m = -21*w + 73. Let q(a) = -7*a**2 + 11*a - 4. Let z(k) = -4*k**2 + 5*k - 2. Let v(u) = 3*q(u) - 5*z(u). Calculate v(w).
-2
Let k(d) = 6*d**3 + 2*d**2 + d. Let l = -21 - -5. Let i = l + 23. Suppose -i*x + 12*x + 5 = 0. Calculate k(x).
-5
Let k(n) = -n**3 - 9*n**2 - 10*n + 2. Suppose v + 18 = 6*v + 4*m, -5*m - 39 = -4*v. Let r be (-6 - -3)*14/v. Give k(r).
-26
Let q(r) = 1316*r - 4. Let n(v) = 219*v - 1. Let l(h) = -6*n(h) + q(h). Let m(j) = -4*j + 3. Let i be m(2). What is l(i)?
-8
Let o be 3 + 108/5 - 10/(-25). Let w(r) = -2*r**2 - 1 + 5*r + 11*r + 8*r - o*r. Calculate w(2).
-11
Let f = 265 + -264. Let p(j) = -19*j**2 + 4*j - 17. Let g(c) = -9*c**2 + 2*c - 8. Let u(t) = 13*g(t) - 6*p(t). What is u(f)?
-3
Let t(v) = 4*v**2 + 2*v + 19. Let z = 31603 - 31608. Determine t(z).
109
Let g(t) = -2. Suppose 2*r + 1 - 7 = c, 3*c + 13 = r. Let m(q) = -q**2 + 5*q + 7. Let z(l) = r*m(l) + 6*g(l). Give z(6).
-11
Let p be (-5)/(-10) - 1/2. Suppose 4*h - 2*x - 10 = p, 2*h - 3*h + 5 = -3*x. Let m(f) = h*f**3 - 4*f**3 - 1 + 3*f**3 - 4*f**2. Give m(4).
-1
Let a(r) = r**3 - 3*r**2 - 19*r - 13. Let n be a(7). Suppose n*s - 51*s = -8. Suppose 10 = -3*k - s. Let f(g) = g**3 + 6*g**2 - 2*g - 5. What is f(k)?
7
Let g(f) = -f**3 - 3*f**2 + 3*f + 3. Let h(l) = 5*l - 6. Let i be h(-6). Suppose 0 = -8*v + 122 - 442. Let q = v - i. Calculate g(q).
7
Let z(r) = r**2 - 4*r - 13. Suppose 134*v - 13*v - 770 = 11*v. Give z(v).
8
Let f = 2356 - 2368. Let p(a) = a**3 + 11*a**2 - 15*a - 34. Give p(f).
2
Let w(i) = -13*i**3 - 63*i**2 - 8*i + 25. Let s(k) = -3*k**3 - 15*k**2 - 2*k + 7. Let t(j) = -9*s(j) + 2*w(j). What is t(-9)?
-31
Let p(c) = 14*c**2 - c + 12. Let y(t) = -t**2 - 2*t + 1. Let l(j) = -j**2 + 12*j - 11. Let g(x) = -l(x) - 6*y(x). Let u(n) = -5*g(n) + 2*p(n). What is u(-1)?
-6
Let n(r) = r - 30. Let h be (-4928)/264 + (-16)/12. Give n(h).
-50
Let t be 16/72 - (-26080)/(-72). Let y = -357 - t. Let w(a) = -2*a - 8. Calculate w(y).
-18
Let i(v) = -v + 4. Suppose 2*w = -6 + 18. Let l be 81/15 - w/(-10). Let t be l/(-14) + 45/7. Give i(t).
-2
Let g(i) = i**3 + 2. Let f be g(0). Let m be (10/f)/(5/20). Suppose 0 = -m*b + b - 95. Let v(x) = -2*x**2 - 6*x + 7. Calculate v(b).
-13
Let k(a) = -a**3 - 19*a**2 + 2*a + 43. Let f(m) = 38*m - 19*m**2 - 27*m**2 - 11 + 36*m**2. Let g be f(4). Calculate k(g).
5
Suppose -109*x + 39*x = -140. Let n = -2 + 4. Let v(l) = -2*l - 2 - 6*l - l**3 - l + 7*l**n + x*l. Determine v(6).
-8
Let b(k) = -4*k. Let g = -43 + 46. Suppose g*n - 45 = w, w + w + 111 = -n. Let s = -50 - w. Give b(s).
-16
Suppose 5*n + 64 = -3*b, b = 5*b + 2*n + 62. Let v(w) = -3*w - 35. Let d be v(b). Let l(p) = -26*p**2 + 27*p**2 - d*p + 5 - 7*p. What is l(7)?
-23
Let k(x) be the second derivative of -x**4/24 + 3*x**3/2 - 57*x**2/2 - 71*x. Let o(r) be the first derivative of k(r). Give o(5).
4
Let a(k) = 8*k. Let p(q) = q**3 - 13*q**2 + 11*q + 11. Suppose -j = 1, -2*h + 4*j + 20 = -8. Let m be (-2)/(34/h - (-2 - -5)). Let s be p(m). Determine a(s).
-8
Let y(j) = j**3 - j**2 - j + 1. Let u be y(0). Let k(w) = 6*w + 7. Let n(z) = -z - 1. Let i(r) = u*k(r) + 5*n(r). Let x be (3/144*6)/((-290)/16240). Give i(x).
-5
Let f(j) = -2 + j**3 - 3*j - 27*j**2 + 0*j**3 - 2*j**3 - j + 30*j**2. Suppose 2*o - 12 = -v, -4*v + 3*o = -2*o + 17. Calculate f(v).
-6
Let g be 44/6*57/38. Suppose -t + 4 = b + 3, t + 4*b = -g. Suppose -11 = 4*p - n + 2*n, -n + t = 0. Let c(a) = a + 3. What is c(p)?
-1
Let d(v) = -2*v**2 - v + 1. Let w(k) = k**2 - 15*k + 49. Let b be w(11). Suppose -11 = -z + 4*a, 5*z - b*a - 32 + 7 = 0. Give d(z).
-20
Suppose -3*m - 4*h - 11 = 0, 18*m + 3*h - 13 = 20*m. Let g(f) = -f**3 - 6*f**2 + 10*f + 17. Determine g(m).
-58
Suppose 0 = 12*h - h + 44. Suppose 5*v + 4*i + 45 = 0, i = -2*v - 4*i - 35. Let z be 14/v - h/(-20). Let x(w) = 2*w - 4. Determine x(z).
-10
Let l(k) = 8*k + 3. Suppose -d - 484*y + 480*y = 15, 4*d + 5*y + 16 = 0. Calculate l(d).
11
Let b(j) = 7*j + 179. Let m be b(-25). Let q be (-1 + 0)*(-2 + -4 + m). Let x(h) = -h**3 + 3*h**2 + 2*h - 2. What is x(q)?
6
Let i(b) = b**2 - 2*b**3 + b**3 - 3*b**2 + 6*b**2 + 2*b + 2. Let w be (-8 - -1) + (324/9)/9. Let k be (w/((-6)/10))/1. Calculate i(k).
-13
Suppose 0 = -2*f + 3*m - 7*m + 62, 15 = 5*m. Suppose 4*o = 5*y - 52, -3*y + o + f = -9. Suppose 52 + 20 = y*a. Let h(l) = l**2 - 7*l + 1. Calculate h(a).
-5
Let h(n) = -1 + n**3 + 5*n**2 - 13*n**2 - n + 7*n**2. Suppose 32*w - 37*w = -5. Let u(g) = 3*g**2 - 2*g + 1. Let o be u(w). Give h(o).
1
Let n(w) = -4 + 7*w - 52*w**3 - 7*w**2 + 58*w**3 - 2*w**3. What is n(2)?
14
Let j(t) be the first derivative of -t**3/3 + 4*t**2 + 9*t - 28. Let u(b) = -b**2 - b. Let k(c) = j(c) - 2*u(c). Calculate k(-8).
-7
Let j(q) = 42*q**3 + 11*q**2 - 2*q - 5. Let l(x) = -50*x**3 - 13*x**2 + x + 5. Let y(r) = -6*j(r) - 5*l(r). What is y(-4)?
89
Let g(w) = 63*w - 39. Let j(p) = -34*p + 20. Let v(f) = 6*g(f) + 11*j(f). Give v(5).
6
Suppose 0 = -6*x + 2 + 22. Suppose -x*l - n - 95 = -5*l, 0 = -3*l + 5*n + 279. Let c = l - 103. Let q(y) = -y**3 - 4*y**2 + 5*y - 2. Calculate q(c).
-2
Let h be 650/90 - 2/9. Let f(v) = 5*v - 41. Calculate f(h).
-6
Let w(q) = -q**3 - 2*q**2 + 2*q - 4. Let d be (-2)/9 - 2974/(-18). Let o = d - 168. Give w(o).
-1
Let k(g) = g**3 + g**2 + g - 24. Suppose 0 = -5*p + 5*f + 10, 4*p + 171*f = 167*f - 8. Calculate k(p).
-24
Let z(s) be the first derivative of 51*s**4 + 2*s**3/3 - s + 12427. Give z(-1).
-203
Let n(r) be the second derivative of -r**3/6 + 4*r**2 - 9*r. Let g(o) = -2*o**2 + 181*o - 1164. Let z be g(7). What is n(z)?
3
Suppose -3*j - 45 = -f - f, 0 = -3*f + 4*j + 66. Let d(z) = -5*z - 3 - 10 + f - 6 - 3. Calculate d(-3).
11
Suppose -883*v = -984*v + 2222. Let c(a) = a**2 - 17*a - 95. Give c(v).
15
Let f(t) = 11*t**3 + 2*t + 1. Let u be f(-1). Let g(s) be the first derivative of s**3/3 + 6*s**2 + 4*s + 32764. Give g(u).
4
Let w(h) = 35*h - 206. Let u be w(6). Let i = 9 - 7. Let x(z) = 0*z**2 + 2*z**2 - z**3 + 4*z - i*z**2 - 7 - u*z**2. Determine x(-5).
-2
Let l be (9/(-12))/((-2)/8). Suppose -21*v - 72 = -l*v. Let p(s) = 3*s + 9. Calculate p(v).
-3
Let c(d) be the third derivative of -d**6/120 + d**5/4 - 5*d**4/12 - d**3/2 - 1406*d**2. Calculate c(15).
-153
Let m(v) be the f